5. What is the tens digit of 199/1 - ((-14)/2 - c)?
9
Suppose 5*q = 4*h + 2 + 66, 3*h = q - 40. Let m = h - -16. Let s(n) = 9*n + 3. What is the units digit of s(m)?
9
Suppose -4*h + 6957 = -0*h - 3*l, -5*l + 6965 = 4*h. Suppose -5*t - t = -h. Suppose -4*s = -t + 102. What is the units digit of s?
7
What is the units digit of ((-2)/3)/((0 - -8)/(-2280))?
0
Suppose 193011 = 37*y + 54*y. What is the hundreds digit of y?
1
Suppose -w + 2*q + q = 37, q + 3 = 0. Let l = w - -79. What is the tens digit of l?
3
Suppose -26 = -2*i + 2*c, 5*c + 7 + 7 = 2*i. Let o = 22 - i. What is the units digit of o?
5
Suppose 3*s = 2*m + 2*m + 23, s + 5*m + 5 = 0. Suppose -s*k - 48 = -4*b, 5*k - b + 45 = 4*b. What is the units digit of (k/(-9))/(3/36)?
6
Let v(u) = -3*u - 10. Suppose -4*d = 3*x + 10, -2*x + d - 25 = -0*d. Let c be v(x). Let l = c - 0. What is the units digit of l?
0
Let w = 758 - 590. What is the units digit of w?
8
Let p be 79 + (2 - (2 + 4)). Suppose -c - 2*r + p = 0, 23 = -3*c - r + 263. What is the tens digit of c?
8
Let j(h) = -h**3 + h**2 - 5*h - 6. Let c be j(-4). Suppose 0 = -95*o + c*o + 58. What is the tens digit of o?
5
Let p be 597/18 + (0 + 3)/(-18). Suppose -30*q + p*q - 495 = 0. What is the hundreds digit of q?
1
Suppose -5*c - 5*i + 2440 = 0, 0*i = -4*c - 2*i + 1950. What is the tens digit of c?
8
Suppose -1 = -m + 2. Let u(q) = m - 9*q - q**2 + 1 + 2*q - 3*q. What is the tens digit of u(-6)?
2
Let z = 1116 + -518. What is the units digit of z?
8
Let k(n) = 5*n**2 - 3*n - 2. Let g be k(3). What is the tens digit of g/8*(-26 - -2)/(-2)?
5
Suppose 20*w = -2*w + 46024. What is the hundreds digit of w?
0
Let o be 2*2*(-1)/2. Suppose 24 = 4*s - 0. What is the tens digit of s + o - 24/(-2)?
1
Suppose 0 = -3*n - 0*n + 6, 4*c - 5*n = 838. What is the units digit of c?
2
Suppose -5*y - 12 = 8. Let h(l) = 64*l. Let z be h(y). What is the tens digit of (-8)/(-20) + z/(-10)?
2
Let a = -80 - -57. Suppose -5*u + 20 - 40 = 0. Let d = u - a. What is the tens digit of d?
1
Let k = 29 - 29. Suppose -m - 4*g - g + 113 = k, -3*m = -g - 259. What is the units digit of m?
8
Let q be 1/(-5) + 1/5. Suppose 0 = -q*y - y + 3. Suppose 2*j - j - 3*g = 47, 0 = 5*j + y*g - 271. What is the units digit of j?
3
Suppose 3*g = 2*j - 6*j + 33, 0 = 4*g + 4. Suppose 0 = -5*a + 2*i, -5*a + j*i = 4*i. Suppose -10*t + 5*t + 225 = a. What is the units digit of t?
5
Let b = -66 - 584. Let v = b - -929. What is the units digit of v/6 + (-4)/8?
6
Suppose -1 - 19 = -4*o. Let g(j) = j**2 - 3*j + 7. Let i be g(o). Suppose -3*r + i = -1. What is the units digit of r?
6
Let g(u) = 2*u**2 - 26*u - 84. What is the thousands digit of g(40)?
2
Suppose 30*c + 1383 = 13413. What is the tens digit of c?
0
Suppose -5*u + 3390 = -5*i, -2*u - 2*i = -0*i - 1372. What is the tens digit of u?
8
What is the hundreds digit of (2/(5 - -1))/((-128)/(-498048))?
2
Let i(p) = p**3 - 9*p**2 + 15*p + 40. What is the units digit of i(9)?
5
Let u(v) = -3*v**2 + v**2 + 1 + v**3 - 6*v + v**2. Let y be ((-4)/24*-3)/(4/32). What is the units digit of u(y)?
5
Suppose v = -3*d + 848, 35*v = 33*v + 5*d + 1707. What is the hundreds digit of v?
8
Suppose 10 = 5*n, -1 = 3*u - 3*n + 44. Let s = u - -42. What is the tens digit of s?
2
Suppose -4*f = -1 - 19. Let i(v) = -2*v**3 - 11*v**2 - 5*v + 1. Let b be i(-6). Suppose -4*m + f + b = 0. What is the tens digit of m?
1
Let t = -8 + 10. Suppose t*o - l = 6, -o - 3*l = 2*l - 14. Suppose -21 = -3*s - o*d + 6, 3*s - 45 = 2*d. What is the tens digit of s?
1
Let c(j) = -35*j**3 - 2*j + 1. Let b(m) = 35*m**3 - m**2 + 3*m - 1. Let x(o) = 2*b(o) + 3*c(o). Suppose 5*d - 4 = 9*d. What is the units digit of x(d)?
4
Suppose -5*m - x + 165 = 0, -m - 4*x + 23 + 29 = 0. What is the tens digit of m?
3
Let h(x) = -2*x - 18. Let y = -17 + 19. Let n be ((-5)/y)/(3/12). What is the units digit of h(n)?
2
Let r = 34 + -47. Let n = 18 + r. Suppose n*u = 10, 5*b + 3*u - 123 + 32 = 0. What is the units digit of b?
7
What is the thousands digit of (356/12)/((-12)/(-2376))?
5
Suppose -s + 2 = -28. Let x = -1347 - -851. What is the tens digit of x/(-10) - (-12)/s?
5
Let n = -3391 - -9299. What is the thousands digit of n?
5
Let f = 51 - -9. Let c = 109 - f. What is the tens digit of c?
4
Suppose -3*v - 5*z + 1007 = 0, 4*v + 2*z - z = 1337. What is the units digit of v?
4
Suppose -277*h = -272*h - 3470. What is the units digit of h?
4
Suppose -n - 78 - 21 = 0. What is the units digit of (7 + -6)*-1*(n + 0)?
9
Suppose -y - 8 = 2*f, -y - 35 = 5*f - 12. Suppose y*p + 64 = 6*v - 2*v, -4*p - 77 = -5*v. What is the units digit of v?
7
Let j(u) be the first derivative of u**3/3 + 3*u**2/2 - 11*u + 3. Let v(b) be the first derivative of j(b). What is the units digit of v(2)?
7
Suppose -18*g + o + 3069 = -13*g, 0 = -5*g + 4*o + 3066. What is the units digit of g?
4
Let z(a) = -115*a + 9. Let g be z(-6). Suppose -8*t + g = 123. What is the tens digit of t?
7
Suppose 8*t = -0*t - 120. Let u = 75 - t. Suppose -3*n = -3*o - 87, -5*n + 2*o = u - 241. What is the units digit of n?
1
Suppose -4*k + 21 = 13. Suppose 4*c = -0*c - 20, -2*r - 6 = k*c. What is the tens digit of 1111/33 + r/(-3)?
3
Let q(p) = p**3 - 7*p**2 - 19*p + 9. Let c be q(9). Suppose c*h = -2*h + 246. What is the tens digit of h?
2
Let m(u) = 2*u**2 + 7*u - 9. Suppose -27*f - 35 = -22*f. Let v be 80/(-14) - (-2)/f. What is the units digit of m(v)?
1
Suppose -4*r = 4*w - 5008, -21*w = -4*r - 24*w + 5012. What is the tens digit of r?
5
Suppose 0 = 5*l - 2*q - 3406, l + q = 3*l - 1362. What is the units digit of l?
2
Let z(n) be the second derivative of n**5/20 + n**4/2 - 5*n**3/6 - 7*n. What is the units digit of z(-5)?
0
Let f be (-8)/28 - 2/(-7). Suppose f*q - 2*r = -2*q - 8, 5*q = -2*r + 1. Let y = q - -29. What is the units digit of y?
8
Let t(r) = -r**2 - 14*r - 15. What is the tens digit of t(-5)?
3
Suppose 0*m + 36 = -3*m. What is the units digit of (-1*(1 - -200))/(m/8)?
4
Let a = 586 + -327. What is the hundreds digit of a?
2
Let h be (-1)/((-15)/90*2/(-1)). What is the tens digit of 112 - (h + (-12)/(-4))?
1
Suppose 0 = 2*m - 4*m + 4. Let v be 2/2*14/m. Suppose -6*l = -v*l + 36. What is the units digit of l?
6
Suppose -6*p = -p - 2*r + 854, 0 = 3*p + 3*r + 525. What is the hundreds digit of (9*-2)/6 - p?
1
Let o(n) = -n**2 + 6*n - 4. Let s be o(6). Let q be 3*s/(-12) + 1. Suppose q*t - t - 10 = 0. What is the units digit of t?
0
Let m(b) = 791*b - 43. What is the hundreds digit of m(3)?
3
Let r(d) = -4 - 23*d + 0 + 32*d - 5. What is the units digit of r(10)?
1
Let o = 35 - 20. Suppose o = 3*q, -2*q + 12 = j - 5*q. What is the tens digit of j?
2
What is the tens digit of 828/2 - (0 + -7)/7?
1
What is the thousands digit of (3 - (-36)/(-30))/((-7)/(-9835))?
2
Let l be ((-2106)/90)/(1/(-5)). Suppose -a + 333 = l. What is the tens digit of a?
1
Let h be (54/63)/((-2)/28). Let p be (h + -1 + 2)*-1. Suppose -5*r - 1 = -p. What is the units digit of r?
2
Suppose 5*k + 6*z - 3*z = 22, z - 4 = 0. Let d be -2 + 73 + 1 + 0. Suppose d = k*t - f, -2*f = -4*f - 8. What is the tens digit of t?
3
Let l(x) = 8*x**2 - 4*x. Let w(r) = 11*r**2 - 5*r + 1. Let a(d) = -4*l(d) + 3*w(d). Let t = -25 - -17. What is the units digit of a(t)?
9
Suppose 0 = -0*x + x - 4. Suppose -5*m + 20 = 4*k, 2*m - 20 = -x*k - m. What is the units digit of ((-3)/5 + 1)*k?
2
Suppose 2*q + 17 = 2*f - q, 5*q - 45 = -4*f. Suppose 0 = 14*i - 16*i + f. What is the units digit of i?
5
Let h be 22/5 - 10/25. Suppose -f - h*f = -620. What is the hundreds digit of f?
1
Let m(i) = -i**2 - 9*i - 12. Let g be (35/21)/((-2)/6). Let l be m(g). Let o = 5 + l. What is the units digit of o?
3
Let b be (10/(-8)*2)/(2/(-4)). Suppose 3*z + 195 = a, -5*z - b = -0. What is the units digit of a?
2
Suppose 2*y = 7*y - a + 70, 5*a = 0. Let v = y + 17. Suppose -2*t - 57 = -v*t. What is the tens digit of t?
5
Let f(j) = 14*j**3 + j**2 + 4*j - 3. Let q be f(3). Suppose -144 - q = -5*r. What is the units digit of r?
8
What is the tens digit of -1*25202/(-8) + 7/4?
5
Suppose -5*z + z = -24. Let t be (-2)/(-3 + 15/z). Suppose 3*i + 5*f = -2*i + 175, -4*f - 172 = -t*i. What is the units digit of i?
9
What is the tens digit of (3 - (-45)/2)/((-25)/(-150))?
5
Suppose 0 = 30*d - 35417 + 9257. What is the hund